ppose 9*p = -3*p + j. What is v(p)?
7
Let g(y) = y**3 + 21*y**2 - 18*y + 101. Let o be g(-22). Let i(r) = 6*r - 80. Calculate i(o).
-2
Let u(v) be the third derivative of v**4/6 - 10*v**3/3 - 315*v**2. What is u(8)?
12
Let z(x) = -x - 6. Let q be z(-6). Suppose 5*n + 4*t - 29 = 2*t, n - 2*t - 13 = q. Let r = n + -2. Let g(c) = c**2 - 7*c. Give g(r).
-10
Let r(o) = o**3 - 5*o**2 - 7*o + 2. Let w(v) = v**3 - 2*v**2 - 10*v + 3. Let b be w(4). Let x be b*((-52)/10 - -4). Calculate r(x).
-4
Let t = 54 + -15. Let q = -36 + t. Suppose 3*d + 10 = -4*g, -q*g + 2*d + 2 = 1. Let r(h) = -2*h**3 - 2*h**2 - 2*h - 1. Give r(g).
1
Let v(h) = -h + 122. Let x(r) = -r + 103. Let s(b) = -5*v(b) + 6*x(b). What is s(4)?
4
Let v = -12 + 4. Suppose 4*n = 3*q + 10, -4*q + 3 = n - 5*q. Let l(x) = 6*x**2 - n - 9 + 7*x + 11*x**2 - 16*x**2. What is l(v)?
-2
Let u(l) = 3*l - 4*l**2 + l**3 + 32 + 0*l - 35. Let p be u(2). Let i(q) be the second derivative of -q**4/12 - q**3 - 2*q**2 - q. Determine i(p).
1
Let k(z) be the third derivative of -z**4/24 + z**3/2 - z**2. Let w be (-2)/3*((1 - 2) + -71). Suppose -l = -9*l + w. Give k(l).
-3
Let b(v) = 12. Let a(r) = -r + 23. Let u(l) = 3*a(l) - 5*b(l). Let t(c) = 6*c**3 + c**2 - c. Let s be t(1). Calculate u(s).
-9
Let d(h) = -5*h + 13. Let n(q) = -9*q + 30. Let t(o) = -5*d(o) + 3*n(o). Calculate t(11).
3
Let c(i) = 2*i**2 + 3*i - 1. Suppose -5*u = n - 3*n + 2, -n + 1 = 5*u. Suppose -q = -4*g - 6*q + 49, -5*g + 2*q = -20. Let j be (-4)/g*(n + -4). Determine c(j).
13
Suppose 0*z - 5*z = -30. Suppose -3*w + 0*w - z = 0. Let a(s) = -s**2 - 2*s. What is a(w)?
0
Let k(q) = q**3 + 3*q**2 - 3*q - 2. Let l be 4/14 - (-885)/(-35). Suppose -n + 17 = -4*f, -f - 69 = -3*n - 7. Let c = n + l. Calculate k(c).
-6
Let q = -57 - -26. Let f = -35 - q. Let k(y) = y**3 + 5*y**2 - 4*y - 3. Let c(j) = j**2 - 1. Let m(x) = -c(x) + k(x). Determine m(f).
14
Suppose -1 = -f, 4*h - 5*h + 5 = 3*f. Let x(j) = j**2 + j - 2. Let r be x(h). Let k(t) = 276*t**3 - 2*t**2 + 0 + 6*t**2 - 277*t**3 + 3. Calculate k(r).
3
Let y(c) = -3*c**2 + 2900*c - c**3 - 2 - 2903*c + 11*c**2. Determine y(7).
26
Let p = -1171 + 1165. Let z(n) = -5*n - 24. Calculate z(p).
6
Suppose -2*f + 8 = 0, -5*f = 4*i - 3 - 13. Let p(s) = 6*s**3 + 2*s + 2. What is p(i)?
-6
Let q(c) = 12 + 10*c**2 - 3 + 16*c - 7*c**2 - 2*c**2. What is q(-15)?
-6
Let s(u) = -u**2 + 2 - u - 5 + 3. What is s(2)?
-6
Suppose 0 = -11*x - 5*x + 5*x. Let r(y) be the first derivative of -y**3/6 + y**2 + y - 3. Let m(g) be the first derivative of r(g). Calculate m(x).
2
Let x = -154 + 158. Let y(z) = -4 - 1 - 14*z + 15*z + 0. Calculate y(x).
-1
Let c be (0 + 4)/(116/145). Let b = -3 + 7. Let r(a) = 5*a + 0*a - 2 - b*a. What is r(c)?
3
Suppose -17*j + 91 = -24*j. Let a(l) = -l - 11. Determine a(j).
2
Let i be (8 + (-4 - 0))/(-1 - -3). Let g(h) = 3*h. Let p be g(2). Suppose -i*d - 8 = -p*d. Let l(j) = 2*j - 3. Calculate l(d).
1
Let g(d) = 3*d**3 + 11*d**2 - d + 1. Let r(f) = f**3 + 4*f**2. Let a(x) = -2*g(x) + 7*r(x). Let i be (((-1)/(-2))/((-9)/(-24)))/((-416)/624). Give a(i).
10
Let s(l) = l**2 - 10*l + 2. Suppose 2*q + 9*v - 8 = 7*v, 8 = 2*q - 3*v. Calculate s(q).
-22
Suppose -2*k = 6, 4*l - k - 48 = -l. Let a be 12/2 + (-18)/l. Let c(q) = q - 1. Give c(a).
3
Let u(v) = v**2 + v + 2. Let y be u(0). Let h = 19 + -16. Let c(i) = h*i + 17 + 16 - 32. Give c(y).
7
Let x(j) = -2*j**2 + 3*j + 1. Let v = -6 + 10. Suppose v*k - 3 = -11. Determine x(k).
-13
Suppose 6*f = -33 - 33. Let k(h) = 2*h**2 + 22*h + 13. What is k(f)?
13
Let x(q) be the first derivative of -q**5/20 + q**4/6 + q**3/6 - q**2/2 + q - 4. Let r(j) be the first derivative of x(j). Let u = 143 + -141. Determine r(u).
1
Let a(q) = -q**3 - q**2 + q - 2. Let u(x) = -x**2 + 8*x - 7. Let w be u(7). Let y be (w - 2) + (10 - 6). Suppose 0 = 7*n - y*n. Give a(n).
-2
Let s(t) = t**3 - 4*t**2 + 1. Let c be 3/1 - (-3)/(-1). Suppose c = 4*i + 5 - 33. Let r be 5/1 - (-4 + i). Give s(r).
-7
Let l(m) = m**2 + 14*m + 1. Suppose 6*s + 35 = -43. Determine l(s).
-12
Let r(l) be the third derivative of 0 + 1/3*l**4 + 0*l**3 + 24*l**2 + 0*l. Determine r(2).
16
Let z(n) be the first derivative of -5*n**4 + 11*n**3/3 + 5*n**2/2 + 8*n + 2. Let v(r) = 7*r**3 - 4*r**2 - 2*r - 3. Let k(l) = -17*v(l) - 6*z(l). Give k(-3).
-18
Let c = 10 - 1. Let g(x) = x**3 - 4*x**2 + 5*x - 26. Let b be g(4). Let k = b + c. Let n(j) = j**2 + j - 4. Give n(k).
8
Let f(r) = 4*r - 1. Let a(g) = -g + 3. Let t(p) = a(p) - f(p). Determine t(-8).
44
Let q(j) = -5*j**2 - 12*j - 5. Let u(p) = -7*p**2 - 13*p - 4. Let d(y) = 3*q(y) - 2*u(y). Calculate d(-10).
-7
Let v(b) = -b**3 - 1. Suppose -2*i = -3*u + i + 12, 3*u - 20 = 5*i. Give v(u).
-1
Let g(i) = -i**3 - 8*i**2 - 6*i - 5. Suppose -236 = 5*s - 5*a + a, 0 = s - 4*a + 60. Let h = s + 37. Determine g(h).
-12
Let t(d) = -d + 2. Let j(b) = 9*b - 2*b**2 + 4*b**2 - b**2 - 3 - 5. Let r be j(-11). Let a = -11 + r. Give t(a).
-1
Let c(m) = -11*m - 4. Let y(q) = -8*q - 4. Let l(p) = -3*c(p) + 4*y(p). Determine l(9).
5
Let y(h) = 3*h + 7 - h + 2*h - 3*h - 28. Give y(16).
-5
Let v(b) = b**2 + 9*b + 10. Suppose 2*j + 3*j - 4*q = -372, 369 = -5*j + 3*q. Let s = 65 + j. What is v(s)?
-4
Suppose -36 = -0*p - 4*p. Let j(y) be the third derivative of y**5/60 - 3*y**4/8 + y**3/6 - 74*y**2 - 2*y. Determine j(p).
1
Let c(q) be the third derivative of 5*q**4/8 + 12*q**2 - q. What is c(-1)?
-15
Let d(a) = -a**2 + 3*a - 2. Let b(c) = -4*c**2 + 6*c. Let n(u) = b(u) - 3*d(u). Determine n(4).
-22
Let c = -687 + 689. Let b(t) = t**2 - 3*t + 3. Calculate b(c).
1
Let n = -11 - -16. Suppose n*q = 8 + 7. Suppose -4*m + 4*y = y - 15, 0 = -q*m - 4*y + 5. Let b(r) = r**3 - 4*r**2 + 4*r - 3. Determine b(m).
0
Let i(v) = v**3 - 4*v**2 - 3*v - 1. Let j(h) = -22 - 5*h - 2*h + 13 - 8. Let p be j(-3). Give i(p).
-13
Let t = 450 - 449. Let y(r) = -r**3 + r. Give y(t).
0
Suppose -5*y + 0*y + 320 = 0. Let u(p) = 6 - 31*p - 34*p + y*p. Determine u(7).
-1
Let b(x) = x**2 + x + 2. Let z(t) = 5*t + 82. Let y be z(-17). Calculate b(y).
8
Let d be 12/(-66) - (-4)/22. Let y(i) = 6*i - 9 - 6*i + i. Give y(d).
-9
Let n(p) = -p**2 - 4*p - 4. Let b(k) = -k**3 - 3*k**2 + 3*k. Let f be b(1). Give n(f).
-1
Let i(m) = m**2 + 5*m + 8. Let b = -218 - -214. Calculate i(b).
4
Let w(c) = -c**3 + 9*c**2 - 2*c + 7. Let m = 15 - -64. Suppose 0 = -5*o - 34 + m. What is w(o)?
-11
Let b be (-1)/4 - 0 - (-636)/(-848). Let p(z) = -10*z**3 - 2*z**2 - z. Give p(b).
9
Let c(z) = z + 1. Suppose -20 = -t - 3*t. Suppose -3*i = t*m + 32, -2*m + 6 + 6 = -5*i. Give c(m).
-3
Let g(x) be the first derivative of -3*x**4/4 + 2*x**3/3 - x**2/2 - 2*x - 69. Give g(-2).
32
Let i(a) be the second derivative of -a**5/20 + a**2 + 267*a. Give i(2).
-6
Suppose 0 = 1463*o - 1495*o + 256. Let r(h) be the second derivative of -h**3/3 + 5*h**2/2 + 2*h. Calculate r(o).
-11
Let m(o) = -15 + 5*o**2 + 35 + o**3 + 2*o**2 - 22 + 6*o. Calculate m(-6).
-2
Let g(d) = -d + 11. Let x be g(-10). Let z = x - 15. Let f be z/(4*(-6)/(-16)). Let s(m) = -m**2 + 4*m - 6. What is s(f)?
-6
Let q(d) = d**3 - 2*d**2 - 4*d + 4. Let j be -10 + -4 + 8 - -9. What is q(j)?
1
Let n(d) = -2*d**2 - 4*d + 5. Let i be 15/90*-2 - (-14)/6. Calculate n(i).
-11
Let i(c) = -4*c - 2. Suppose 112 = -625*d + 611*d. Calculate i(d).
30
Let c(f) = 3*f - 9 + 2 + 160*f**2 - 162*f**2 + 9*f. Give c(8).
-39
Let r(f) = 3*f**2 + f**3 + 17*f + 12 + 25*f - 46*f - 5 - 9. Let o(x) = x - 1. Let h be o(-3). Determine r(h).
-2
Let h(p) be the third derivative of p**6/120 + p**5/6 - p**4/2 - 7*p**3/6 - 33*p**2. Let t(x) = x**2 + 9*x - 3. Let w be t(-8). Determine h(w).
4
Let i(h) be the second derivative of -1/24*h**4 + 8*h + 0 + 1/24*h**5 + 0*h**2 + 1/6*h**3. Let c(t) be the second derivative of i(t). Calculate c(-2).
-11
Let b(r) = -r - 8. Let q(j) = 5*j + 3. Let h be q(-2). Let x be b(h). Let i(c) = -3 + 4 - 5*c**2 + 0. Calculate i(x).
-4
Let u(s) = 27*s. Let g(y) = y**3 + 4*y**2 - 49*y - 197. Let h be g(-4). Calculate u(h).
-27
Let s(w) = 145 + 139 - 278. Let n(i) = i - 12. Let h(f) = 2*n(f) + 5*s(f). Give h(-6).
-6
Let x(g) be the second derivative of 1/12*g**4 - 1/6*g**3 - 1/2*g**2 - 6 - 9*g. Let m be -2*6/(-8)*2. What is x(m)?
5
Let z(w) = -w**3 + 4*w**2 + 7*w + 2. Let j be z(5). Let o be (-1)/((-2)/j*-1).